-2)?
True
Suppose -35503 = -50*g + 35547. Is g a multiple of 29?
True
Let l = 316 + -52. Suppose 3*d + l = 6*d. Is 12 a factor of d?
False
Suppose -3*w + 7 = -2*v - 2, w = 3*v + 3. Suppose 0 = 2*i - 2*j - 38, -2*i = -v*j - 4*j - 28. Is i a multiple of 8?
True
Suppose 4*n = 0, -1800 = -5*x - 2*n - 2*n. Suppose x = 12*i - 8*i. Is i a multiple of 30?
True
Suppose 7*j - 2688 = j. Is 52 a factor of j?
False
Suppose 3*v - 17 + 5 = 0, -5*r + 1373 = 2*v. Does 21 divide r?
True
Suppose -5*x + 2*d + 254 = -x, 0 = 4*x - d - 257. Is 3 a factor of x?
False
Let k(d) = d**2 - 4*d - 2. Let m be k(5). Suppose m*s - 25 = -5*g, 2*g - 2*s + 4 = -2. Is 11 a factor of (-3)/(9/(-132)) + g?
False
Let v = -2857 + 4191. Does 65 divide v?
False
Suppose -3*l = 0, -5*v + 7*v = -3*l + 188. Does 18 divide v?
False
Is 16 a factor of 899/4 + (-4)/(32/6)?
True
Does 13 divide (11 - 4)/(1380/344 - 4)?
False
Suppose -4*i = -6*i + 4. Suppose r - l = -2*l - 12, l - 30 = 2*r. Is (-4)/4*i - r a multiple of 4?
True
Suppose 5*y = 8*y - 3. Let l = y - -9. Does 6 divide 2/(-4) + 255/l?
False
Suppose 3*l - 5*z = l + 331, l - 3*z - 163 = 0. Let j = l - 91. Is j a multiple of 15?
False
Let j be (-10)/4 + 3/6. Is (36/(-45))/(j/60) a multiple of 4?
True
Let h = 27 - -7. Let a = -6 + h. Is a/(44/12 - 3) a multiple of 7?
True
Let c(s) = 867*s**2 - 4*s - 5. Let h be c(-1). Suppose -517 = -3*a + 2*l, -3*l - h = -5*a - 4*l. Is a a multiple of 36?
False
Suppose -4*d = d - 3*i - 5, 0 = 3*d - 4*i + 8. Suppose 3*a - d = 7*a, 0 = -g - 2*a + 1. Is 4 a factor of 98/6 - 1/g?
True
Let m = -19 + 19. Suppose -2*i + 108 + 110 = m. Let x = 225 - i. Does 22 divide x?
False
Let z(l) = l - 4. Let c be ((-88)/(-55))/(4/70). Is 8 a factor of z(c)?
True
Suppose 2*k + 33 - 3 = 0. Does 42 divide (-3770)/k + (-10)/(-15)?
True
Suppose 4*w - j = -w + 10035, -2*w + 4014 = 5*j. Is 65 a factor of w?
False
Let k = -13 + 31. Is 28 a factor of 21512/72 + (4/k - 0)?
False
Let r be -4 + (4 - -9) + -4. Suppose -3*n + 191 = r. Suppose d - 4 = -0, -2*o = -5*d - n. Does 41 divide o?
True
Suppose -4*y = 0, 12 = 2*x - y - 2. Suppose 3*r - x - 141 = -5*g, -4*g = -2*r - 136. Does 14 divide g?
False
Let v(u) = 2 - 7 + 1 + 2*u + 2. Let t be v(2). Suppose -h - 3*b = -t*b - 27, b - 57 = -2*h. Is 10 a factor of h?
True
Let a(x) = -330*x - 11. Does 10 divide a(-3)?
False
Suppose -12*r - 103 = -463. Is 32 a factor of (2 + 1776/r)*20/6?
False
Is (612 - 2)*1/6*3 a multiple of 5?
True
Let k(b) = 53*b**2 + 37*b + 184. Is 17 a factor of k(-6)?
True
Suppose 4*c + 22*b = 17*b + 715, -536 = -3*c - 4*b. Does 10 divide c?
True
Let v be 2/7 - 86/7. Let t(z) = -z**2 - 29*z - 6. Let x be t(v). Let u = x - 105. Does 31 divide u?
True
Suppose -2 = j - 2*i + 1, -j - i + 6 = 0. Is 5 a factor of 14/2 - (-4)/(4/j)?
True
Let z = 2 + 0. Let k = z - -34. Let q = -7 + k. Does 6 divide q?
False
Suppose -5*s = -4*q + 2025, -s + 3*s = -2*q + 1026. Suppose 28*m - 33*m = -q. Is 27 a factor of m?
False
Suppose -29*c = -25*c - 344. Is 22 a factor of c?
False
Suppose 33 = 2*o - 5*i, 0 = -2*o - 2*i + 12 + 14. Let x = -170 - -174. Suppose 2*l - x*k - o = 10, -5*k = 4*l - 35. Is 10 a factor of l?
True
Let g = -591 + 1053. Is g a multiple of 33?
True
Suppose -2*u + 8 = -2*l + 4*l, 5*l = 5*u - 10. Suppose -u*o = 4*o - 168. Is 25 a factor of (-3)/((o/(-50))/4)?
True
Suppose -2*q - 4 = 0, 4*q = 5*d - 6*d + 969. Does 23 divide d?
False
Suppose 39*a = 40*a + 589. Let i = a - -858. Is 35 a factor of i?
False
Suppose -4*x - 10 = x. Let r be (-2 + 4)*(-71)/x. Let v = -28 + r. Does 15 divide v?
False
Let z(u) = 80*u**3 - 2*u**2 - u + 1. Let f be z(-2). Let d = -393 - f. Does 12 divide d?
True
Let u = -270 + 379. Suppose 0 = 2*j + w - u, -4*j + 73 + 143 = 4*w. Is 38 a factor of j?
False
Let u(p) = p**3 + 5*p**2 - 37*p + 1. Is u(6) a multiple of 6?
False
Let z = -23 + 28. Let f(k) = -k**2 + 5*k + 4. Let n be f(z). Suppose n*x - 228 = -3*w, -x = -4*w - 23 - 15. Is x a multiple of 9?
True
Let j(i) = -i**3 - 1. Let t be j(-2). Let a be ((-2)/t)/(3/(-21)). Suppose m = 3*o - 18, a*o + 4 = 3*o - m. Is 4 a factor of o?
False
Suppose 0 = 12*m - 23 - 13. Let s(n) be the second derivative of n**3 - 3*n. Is 4 a factor of s(m)?
False
Suppose -2*r = 2*p + 16, 3*p + 2*r - 3 + 22 = 0. Suppose -4*w + 2 = 6. Is 24 a factor of 50 + (p + 5 - w)?
False
Suppose -2*q = 3*w - 1193, 0 = -0*w - 4*w - 4*q + 1584. Does 51 divide w?
False
Suppose w + 46 = 4*w - 4*m, m + 34 = 2*w. Does 12 divide -4 + 75/w + 257/6?
False
Let w = -559 - -743. Is 28 a factor of w?
False
Suppose 3*h + 8 = -4*z, -3*z = 5*h + 6 + 11. Let b(n) = -n - 33. Let y(a) = a + 16. Let s(m) = -6*b(m) - 13*y(m). Is 13 a factor of s(h)?
False
Let m(c) = -4*c**3 - c**3 + 9*c**2 + c + 8 + 4*c + 6*c**3. Suppose 3*p - 32 = 5*i, -i = -5*p + 2 - 0. Is 21 a factor of m(i)?
False
Let b be (21/28)/((-10)/(-64))*30. Suppose 4*g - b = g. Is 16 a factor of g?
True
Suppose 2*t = -4*f - 10, -t + 10 = -f - 3*t. Suppose 0 = s - 5, f*l - l + 9 = 2*s. Does 4 divide 0 + 0 - l*15?
False
Is 4 a factor of (20 - 22) + (-2 - 2317)/(-3)?
False
Is (421/4)/(13/52) a multiple of 55?
False
Let b be (-3 - -2)/((-2)/(-12)). Let t(q) = -q**3 - 6*q**2 + 3. Let c be t(b). Suppose 144 = c*o - 0*o. Is o a multiple of 22?
False
Suppose 4*n - 1 = 31. Let m(i) = 3 - 6*i**2 + 2*i**3 - 3*i + n*i - i**3. Is 29 a factor of m(7)?
True
Let r be ((-9)/18)/((-1)/318). Suppose 0 = -6*i + 9*i - r. Is i a multiple of 10?
False
Does 98 divide 5/(225/(-18)) - 45088/(-20)?
True
Suppose -3*p - 8 = 7. Is (0 - p)*36/2 a multiple of 15?
True
Let g be 3 + 169 - (-3 - -5). Suppose 0 = -5*b - 5*t + g, 0*b = 2*b - t - 62. Does 16 divide b?
True
Suppose 804 = -8*i + 20*i. Let p = 109 - i. Is 4 a factor of p?
False
Suppose 3*z = 0, z - 4896 = -5*l - 3*l. Is 18 a factor of l?
True
Let c be (-6)/3 - 11/1. Let a = 19 + c. Suppose a + 184 = 5*q. Is q a multiple of 19?
True
Let x be 8/(-20) - 44/(-10). Let r = 5 + x. Let i = 23 - r. Does 4 divide i?
False
Let a(r) = -r**3 - 7*r**2 - 6*r - 8. Suppose -3*o + 5*o + 14 = 0. Is a(o) a multiple of 17?
True
Let w be ((-52)/6)/((-2)/(-3)). Let y = -11 - w. Suppose 3*a + y*u = 50, u = -0*a - 4*a + 75. Is 10 a factor of a?
True
Suppose 3*l + 14 = -y - l, 0 = -y + 5*l + 22. Suppose 3*k - 89 = y*k. Suppose 3*q - 58 = -2*j - 0*q, -k = -3*j - 4*q. Is 15 a factor of j?
False
Suppose -5*l - 54 = -3*l. Let z = 31 + l. Does 2 divide z?
True
Let w be 75/(-6)*4/(-10). Let i = 47 - w. Is 14 a factor of i?
True
Is 12/(-2) + 3219/37 a multiple of 24?
False
Let a(c) = -8 + c**2 + c + 3*c - c + 5*c. Let g be a(-7). Does 4 divide g/(1 + 15/(-6))?
False
Let l = -5 - -8. Let h = l + 3. Let n = 11 - h. Does 5 divide n?
True
Suppose 721 + 4487 = 31*a. Is 8 a factor of a?
True
Suppose -32*p + 55*p - 8901 = 0. Is 43 a factor of p?
True
Let q be -1*(-3)/3*1293. Suppose -6*x + q + 231 = 0. Does 35 divide x?
False
Let g(o) be the second derivative of -2*o**3/3 - o**2 - 4*o. Suppose 4*s = 3*s + c - 3, s = -2*c - 12. Is 11 a factor of g(s)?
True
Let k(i) = 2*i. Let f be k(1). Suppose f*n - 2 = 2*w, 4*w - 3*w + n - 1 = 0. Suppose h - 22 = -w*h - 3*q, -4*h + 4*q = -104. Does 13 divide h?
False
Does 49 divide (-5)/(-7) + -1 - (-12585)/21?
False
Suppose -16 = -4*o + 8*o. Let f(s) = -2*s**3 - 2*s**2 - 7*s - 4. Is 30 a factor of f(o)?
True
Suppose 5*u - 20 = 0, 4*v - 1030 = -2*u + 354. Is v a multiple of 35?
False
Let a = 202 - 149. Is 3 a factor of a?
False
Let o be ((-1)/(-3))/(1 - (-556)/(-558)). Let m = -13 + o. Is 20 a factor of m?
True
Let m = -5 - -10. Suppose 0 = -5*t - 5*y + 40, 4*t = m*y - 4*y + 52. Is 12 a factor of 346/t + (-14)/(-84)?
False
Is 110/4 + (-1)/(-2) a multiple of 4?
True
Suppose 0 = 24*a - 18*a - 90. Is 5 a factor of (-2 + 0)*(-2)/(10/a)?
False
Let g be (-2)/(-4)*-2*-38. Let m(o) = -6*o**3 + 2*o + 1. Let h be m(-1). Suppose 0*f = 4*f - h*s - g, 0 = -3*f + s + 34. Is f a multiple of 4?
True
Suppose 1462 = 10*p - 8*p. Does 43 divide p?
True
Let g(p) be the second derivative of -p**3/6 + 7*p**2 - 6*p. Is 4 a factor of g(-13)?
False
Suppose 0 = 2*c + 2*o - 5 + 1, 2*c + o - 9 = 0. Suppose -72 = -c*w + 4*w. Suppose v - 4*v + 72 = -5*r, 0 = v + 5*r - w. Does 11 divide v?
False
Suppose -4*f - 4*w = 0, f + 2*f = 2*w + 25. Let p(y) = 15 + 0*y - f + 8*y - 2*y. Is 23 a factor of p(6)?
True
Le